 g + 4*g = 1, -2*g = -p - 1. Give y(p).
-2
Suppose -4*t + 3 = 4*q + 19, 3*t - 4*q = 2. Let j(f) = 0*f + 5*f - 3 + 6. Determine j(t).
-7
Let m(q) = -q**2 - 11*q - 6. Let n(h) = 2*h**2 + 21*h + 12. Let d(r) = 11*m(r) + 6*n(r). Determine d(-4).
2
Let q(b) = -b - 5. Let w be 15*(-6)/(-27)*6. Suppose -w = -5*o - 0*o. Determine q(o).
-9
Let q(a) = -2*a**2 + 3*a - 2. Suppose -4*n = -2*n - 20. Let v be (-8)/(-5 + 2 - -4). Let y = v + n. Determine q(y).
-4
Let c be (-5)/(-10) + 346/(-4). Let j be 6/8 - c/(-8). Let b = -7 - j. Let f(z) = -z**2 + z. Determine f(b).
-6
Let t(p) = -p + 5. Suppose 2*s = 5 + 5. Suppose s = -5*o + 50. Let h be t(o). Let l(c) = c**2 + 4*c - 2. Give l(h).
-2
Let a(g) be the second derivative of -g**6/180 - g**5/30 - 3*g**4/4 + 10*g. Let y(b) be the third derivative of a(b). Determine y(-3).
8
Let j be (0 + -2)*2/(-4). Let w(z) = j + 10*z - z**2 - 2 - 5*z. Let v(l) = 6*l - 1. Let u be v(1). Give w(u).
-1
Let p(x) = 0 - 6*x + 9*x + 1. What is p(1)?
4
Let u(q) be the second derivative of 0 - 1/60*q**5 + 1/6*q**3 - 1/12*q**4 + q + 0*q**2 + 1/360*q**6. Let v(o) be the second derivative of u(o). Give v(3).
1
Let d(f) be the first derivative of 1/4*f**4 - 2 + f**2 + 2*f + 1/3*f**3. Let h be d(-2). Let s(n) = n**3 + 7*n**2 + 5*n - 7. What is s(h)?
-1
Suppose -2*f = -2*y - 4*f - 4, f = -3*y. Let s be (-1 + (-2 - -4))*y. Let p(g) = -3*g + 1. Determine p(s).
-2
Let c(u) be the third derivative of -u**6/120 + u**5/30 + 5*u**4/24 + u**3/3 + 2*u**2 - 3*u. Give c(-3).
32
Let l(n) = -4*n**3 + n**2 - n. Let b be ((-3)/(-15))/(1/5). Suppose -q - b = -2. Calculate l(q).
-4
Let a(g) = -3*g + 4*g - 2*g + 0 - 2. What is a(6)?
-8
Let s = 16 + -10. Suppose -4*f + s*f - 8 = 0. Let t(n) = 9*n**2 - 11*n - 6. Let c(k) = 4*k**2 - 5*k - 3. Let b(i) = 7*c(i) - 3*t(i). Calculate b(f).
5
Let n be (-2)/(-3) + 2/6. Suppose -5*z + 50 = 4*b, -z + 4*z = 3*b + 57. Let u(r) = -2*r - 5*r + z*r + 2 - 1. Calculate u(n).
8
Let y(w) = -w - 2. Let z be y(3). Let t(c) = -5*c - c + 2*c**2 - 4 + c - 3*c**2. Calculate t(z).
-4
Suppose -2*p + 8 = 0, r + 4*p - 31 = -2*r. Let n(m) = -m**2 + 5*m + 6. What is n(r)?
6
Let f be 2 + -1 + 13/1. Let y be 10/35 + (-18)/f. Let o(p) = -p**2 - p. Give o(y).
0
Let v(y) = -2*y**2 + 4*y + 3. Let m be v(4). Let b(p) = p**3 + 14*p**2 + 14*p + 11. Let q be b(m). Let s(j) = 2*j**2 + j - j**2 - 2*j**2 + 2. What is s(q)?
-4
Let s(c) be the third derivative of -c**5/60 + c**4/24 - c**3/2 - 31*c**2. Determine s(-3).
-15
Suppose t + 10 = 4*s - t, 4*t + 20 = 0. Suppose s = 6*y - 5*y - 1. Let c(q) = -8 + y - 2*q + 1. Give c(-5).
4
Let t(s) be the third derivative of 1/120*s**6 - s**2 + 0*s - 1/30*s**5 + 0*s**3 + 0 - 1/24*s**4. Let c be ((-6)/10)/(1/(-5)). Give t(c).
6
Let t(x) = x**3 + 7*x**2 - 9*x - 3. Let h = -7 - 1. Give t(h).
5
Let x(d) be the first derivative of d**3/3 + 3*d**2 - 115. Suppose -9*a + 5*a = -4*c + 28, -4*a = 4*c + 20. What is x(a)?
0
Let b(u) = u**2 - 8*u - 3. Let t be b(9). Suppose 2*k = -2*j + t, 4*j = -j + 4*k + 33. Let r(c) = -6*c**2 + j*c**2 + 0*c**2 - 2. Determine r(0).
-2
Let s = -10 + 12. Let h(n) be the third derivative of 0 - 1/60*n**5 - 1/6*n**3 + 1/6*n**4 + 0*n - 3*n**s. Determine h(4).
-1
Let z be (3 + 14/(-4))*0. Let b(w) = w**2 + w + 6. Calculate b(z).
6
Let d(a) = -4*a**2 + a + 1. Let u be 6/(-12) - 1/(-2). Suppose u = 2*h + 1 - 7. Suppose 2*b + 16 = -4*m - 0*m, -4*b - m = -h. Determine d(b).
-13
Let o(k) = -k**3 - 5*k**2 - 4*k - 5. Let a be o(-4). Let z(h) be the first derivative of 1/3*h**3 - 3 + 5/2*h**2 + 6*h. What is z(a)?
6
Let w(r) = -r**2 - 8*r - 4. Let z be w(-7). Let c(s) = -5*s**3 - 1 - s + 3 + 5*s**2 + 4*s**z + 3. Calculate c(5).
0
Suppose -j + 2*j - 1 = 0. Let y(s) = -3*s**2 + 0*s**2 - 2*s + 0*s. Let i(z) = z**2 + z. Let h(t) = 7*i(t) + 4*y(t). Calculate h(j).
-6
Let z(s) be the first derivative of s**4/24 - s**3/3 + 3*s**2 + 5. Let d(n) be the second derivative of z(n). Give d(5).
3
Suppose 3*i + 4 = 4*g - 0*i, -3*g - 5*i = -3. Let b(h) = -9*h**2 + 2 + 4*h**2 - g + 4*h**2. Determine b(0).
1
Let d(c) = -c + 6. Let x(r) = 4*r - r**3 - 4 + 1 + 4*r**2 - 3*r. Let s be x(3). Let k = -4 + s. Calculate d(k).
1
Suppose 0 = w + w - 10, w - 17 = 2*c. Let u(a) = a**3 + 5*a**2 - 6*a + 6. Determine u(c).
6
Suppose 8*c - 3*c + 16 = 4*k, -k - c - 5 = 0. Let r be k/(-2*(-2)/(-20)). Let l(g) = 3 - r - 2*g + 4*g. Give l(2).
2
Let m(d) = d**2 + 2*d - 4. Let l(w) = -2*w**2 - 2*w + 3. Let n(t) = 5*l(t) + 4*m(t). Let a(c) = -c + 4. Let u be a(5). What is n(u)?
-5
Let n(g) = 9*g**2 + g - 1. Let m(q) = -q**2. Let h(z) = -3*m(z) - n(z). Suppose 0 = j - 1 - 0. Determine h(j).
-6
Let a be ((-3)/(-4))/(10/(-40)). Let z(u) be the third derivative of u**5/60 - u**3/3 + 2*u**2. What is z(a)?
7
Let h(l) = -2*l + 2 + 17*l**2 + 5*l**3 - 8*l**3 - 21*l**2. Calculate h(-2).
14
Let y(a) = -3*a**2 + 1. Let h(g) = -10*g**2 + g + 4. Let x(r) = -2*h(r) + 7*y(r). Calculate x(-2).
-1
Let z(x) = 3 + 0*x - 2*x + x**2 + 18*x**3 + x - 17*x**3. What is z(-3)?
-12
Let n(k) = k**2 - k - 3. Let o be n(3). Let i(a) = -a**2 + 2*a. Give i(o).
-3
Let i(s) be the third derivative of -s**7/5040 - s**5/12 - 2*s**2. Let c(y) be the third derivative of i(y). What is c(6)?
-6
Let m be (-12)/(-27) + 68/9. Let v(a) be the third derivative of a**5/60 - a**4/3 - a**3/3 + a**2. What is v(m)?
-2
Let l = 46 - 33. Let a(f) = 9*f - 2. Let c(j) = -4*j + 1. Let h(y) = l*c(y) + 6*a(y). Suppose 4*t - 3*n - 1 = 3, 5*t - 4*n - 5 = 0. What is h(t)?
3
Suppose 4*k = 2 + 6. Let r(m) = 0*m**3 - 3*m**2 + k*m**2 + 2 - m**3. Give r(-2).
6
Let a be (-25)/175 - (-48)/(-7). Let t(k) = -k**2 - 9*k - 2. Determine t(a).
12
Let k be 2/((-2)/6*-3). Let d(q) = -10*q**2 - 4*q + 0*q - 2 + 11*q**k. Calculate d(5).
3
Suppose 2*t = 3*a, -4*a - t = -3*t - 2. Let r(j) = j**3 - 7*j**a + 2*j + 0*j**2 + 2*j**2 + 2. Give r(2).
-6
Let k(h) = 5*h + 14. Let b(q) = -14*q - 41. Let c(p) = -6*b(p) - 17*k(p). Calculate c(6).
2
Let p(x) = 2*x + 4. Let l = -3 + 5. Suppose l*t - 3 = -11. Give p(t).
-4
Let t = -1 - 1. Let d(c) be the second derivative of -c**4/6 + c**2 + 34*c. Determine d(t).
-6
Let d(y) = -y**2 - 2*y + 6. Let x be d(-6). Let m be ((-2)/6)/(1/x). Let q(v) = v - 2. What is q(m)?
4
Let a(d) be the third derivative of -d**5/60 - d**4/24 - 2*d**3/3 - 12*d**2. Give a(-4).
-16
Let a(t) be the first derivative of -t**2/2 + 7*t + 8. What is a(4)?
3
Let p(t) = -t**3 + t + 4. Let m be p(0). Let a(c) = c**3 - 4*c**2 - 2*c + 4. Calculate a(m).
-4
Suppose -2*z = -5*z + 3. Let r = z - -2. Let s(m) = -m**3 + 2*m**2 + 4*m - 1. Determine s(r).
2
Let y(x) = x - 4*x + x**2 - 5 + 0 + 1. Give y(4).
0
Let o(y) = -y**3 - 4*y**2 + 4*y - 1. Suppose -3*x = -x - 12. Let v be 2/(4/x) + -18. Let j be (-2 + 1)/(-3)*v. What is o(j)?
4
Let z(q) = q**3 + q + 10. Let l(n) = n**3 + n**2 + 10. Let b(p) = 6*l(p) - 5*z(p). Give b(-7).
-4
Suppose 3*s = 4*s + 1. Let z be 8/4*(0 - s). Let b(m) = 5*m**2 + 2*m - 1. Let l(p) = 9*p**2 + 5*p - 3. Let o(q) = z*l(q) - 5*b(q). Calculate o(1).
-8
Suppose 5*t + 66 = 56. Let j(d) = -4*d - 3. Calculate j(t).
5
Let i(h) = h**3 + 5*h**2 + h + 7. Let r be (-29)/6 - (-5)/(-30). Let d be i(r). Let a(q) = 3*q + 5*q**2 - d*q + q + 1. Calculate a(-1).
4
Suppose -3*k = -7*k + 24. Suppose -4*x - 12 = f - 2*f, 0 = -5*f - 3*x + 14. Let v(q) = -k*q**2 + 0 + 0 + 1 + f + q**3 + 6*q. Determine v(5).
10
Suppose 30 = -3*p + 12. Let r(u) = u**3 + 6*u**2 + 6*u + 9. Determine r(p).
-27
Let l(t) = 3*t + 3. Let g = 17 + -22. Determine l(g).
-12
Let w(v) = -v**3 - 5*v**2 - 2*v + 3. Suppose -s - 15 = 5*l, -9 = 3*s - 24. Give w(l).
-5
Let x(t) = -3*t**2 + 3 + 0 - 4*t + 4*t**2. Suppose 0 = -4*v + 2*r + 28, -2 = 2*v + 3*r - 0*r. Suppose 1 = -2*k + v. Give x(k).
-1
Let d(h) be the third derivative of 0*h**3 + 0 + 1/24*h**4 + 1/12*h**6 - 1/30*h**5 + 3*h**2 + 0*h. Give d(1).
9
Suppose 2*x - 3 - 1 = -4*z, x + 4*z + 2 = 0. Let i(v) be the third derivative of -v**4/24 + 4*v**3/3 - 5*v**2. Give i(x).
2
Let d(m) = -m**3 - 9*m**2 - 7*m + 3. Let r be d(-8). Let p(z) = -z**2 - 6*z - 4. Give p(r).
1
Suppose 0 = -3*r - 0*r + 6. Suppose 4*z + 0*z - 3*k = 28, 3*z = -4*k - 4. Let t(c) = z*c - r*c - c - 4. Calculate t(5).
1
Let v(h) = -h**3 - 2*h**2 - 3*h - 3. Let g be 1/(-5) - 27/15. Give v(g).
3
Suppose -2*f + 12 = 2*m, -3*m = -4*f - 4 + 7. L